{"id":2,"date":"2022-06-07T01:50:20","date_gmt":"2022-06-06T23:50:20","guid":{"rendered":"http:\/\/s903141189.online.de\/krizto\/?page_id=2"},"modified":"2022-06-13T18:56:22","modified_gmt":"2022-06-13T16:56:22","slug":"official","status":"publish","type":"page","link":"http:\/\/s903141189.online.de\/krizto\/official\/","title":{"rendered":"OFFICIAL"},"content":{"rendered":"\n<p>KRIZTO<\/p>\n\n\n\n<figure class=\"wp-block-image size-large\"><img loading=\"lazy\" decoding=\"async\" width=\"1024\" height=\"576\" src=\"http:\/\/s903141189.online.de\/krizto\/wp-content\/uploads\/2022\/06\/12356904_940328679393909_2275331584886115007_o-1024x576.jpg\" alt=\"\" class=\"wp-image-100\" srcset=\"http:\/\/s903141189.online.de\/krizto\/wp-content\/uploads\/2022\/06\/12356904_940328679393909_2275331584886115007_o-1024x576.jpg 1024w, http:\/\/s903141189.online.de\/krizto\/wp-content\/uploads\/2022\/06\/12356904_940328679393909_2275331584886115007_o-300x169.jpg 300w, http:\/\/s903141189.online.de\/krizto\/wp-content\/uploads\/2022\/06\/12356904_940328679393909_2275331584886115007_o-768x432.jpg 768w, http:\/\/s903141189.online.de\/krizto\/wp-content\/uploads\/2022\/06\/12356904_940328679393909_2275331584886115007_o-1536x864.jpg 1536w, http:\/\/s903141189.online.de\/krizto\/wp-content\/uploads\/2022\/06\/12356904_940328679393909_2275331584886115007_o.jpg 2048w\" sizes=\"auto, (max-width: 1024px) 100vw, 1024px\" \/><\/figure>\n\n\n\n<figure class=\"wp-block-image size-large is-resized\"><img loading=\"lazy\" decoding=\"async\" src=\"http:\/\/s903141189.online.de\/krizto\/wp-content\/uploads\/2022\/06\/11235000_644476032358667_9205781855740646544_o-683x1024.jpg\" alt=\"\" class=\"wp-image-133\" width=\"840\" height=\"1259\" srcset=\"http:\/\/s903141189.online.de\/krizto\/wp-content\/uploads\/2022\/06\/11235000_644476032358667_9205781855740646544_o-683x1024.jpg 683w, http:\/\/s903141189.online.de\/krizto\/wp-content\/uploads\/2022\/06\/11235000_644476032358667_9205781855740646544_o-200x300.jpg 200w, http:\/\/s903141189.online.de\/krizto\/wp-content\/uploads\/2022\/06\/11235000_644476032358667_9205781855740646544_o-768x1152.jpg 768w, http:\/\/s903141189.online.de\/krizto\/wp-content\/uploads\/2022\/06\/11235000_644476032358667_9205781855740646544_o.jpg 800w\" sizes=\"auto, (max-width: 840px) 100vw, 840px\" \/><\/figure>\n\n\n\n<p><\/p>\n\n\n\n<figure class=\"wp-block-image size-large\"><img loading=\"lazy\" decoding=\"async\" width=\"1024\" height=\"683\" src=\"http:\/\/s903141189.online.de\/krizto\/wp-content\/uploads\/2022\/06\/13235420_1571722376453902_5834795176886201113_o-1024x683.jpg\" alt=\"\" class=\"wp-image-123\" srcset=\"http:\/\/s903141189.online.de\/krizto\/wp-content\/uploads\/2022\/06\/13235420_1571722376453902_5834795176886201113_o-1024x683.jpg 1024w, http:\/\/s903141189.online.de\/krizto\/wp-content\/uploads\/2022\/06\/13235420_1571722376453902_5834795176886201113_o-300x200.jpg 300w, http:\/\/s903141189.online.de\/krizto\/wp-content\/uploads\/2022\/06\/13235420_1571722376453902_5834795176886201113_o-768x512.jpg 768w, http:\/\/s903141189.online.de\/krizto\/wp-content\/uploads\/2022\/06\/13235420_1571722376453902_5834795176886201113_o.jpg 1200w\" sizes=\"auto, (max-width: 1024px) 100vw, 1024px\" \/><\/figure>\n\n\n\n<p><\/p>\n\n\n\n<p>Nie vergessen wo her man kommt\u2026 immer dankbar sein f\u00fcr alles was man hat.<\/p>\n\n\n\n<blockquote class=\"wp-block-quote is-layout-flow wp-block-quote-is-layout-flow\"><p>TOUR 2022<\/p><\/blockquote>\n\n\n\n<p>Producer<\/p>\n\n\n\n<blockquote class=\"wp-block-quote is-layout-flow wp-block-quote-is-layout-flow\"><p>BEATLUMINATI<\/p><\/blockquote>\n\n\n\n<p>Viel Spa\u00df!<\/p>\n\n\n\n<p><\/p>\n\n\n\n<p><strong>KRIZTO<\/strong><\/p>\n\n\n\n<p><strong>Tr\u00e4ume nicht feat. Dolo D\u00e9sir<\/strong><\/p>\n\n\n\n<iframe loading=\"lazy\" src=\"https:\/\/www.youtube.com\/embed\/EBK4wX2-f_s\" title=\"YouTube video player\" allow=\"accelerometer; autoplay; clipboard-write; encrypted-media; gyroscope; picture-in-picture\" allowfullscreen=\"\" width=\"560\" height=\"315\" frameborder=\"0\"><\/iframe>\n\n\n\n<p><\/p>\n\n\n\n<p><\/p>\n\n\n\n<p>K O N T A K T<\/p>\n\n\n<div role=\"form\" class=\"wpcf7\" id=\"wpcf7-f166-o1\" lang=\"de-DE\" dir=\"ltr\">\n<div class=\"screen-reader-response\"><p role=\"status\" aria-live=\"polite\" aria-atomic=\"true\"><\/p> <ul><\/ul><\/div>\n<form action=\"\/krizto\/wp-json\/wp\/v2\/pages\/2#wpcf7-f166-o1\" method=\"post\" class=\"wpcf7-form init\" novalidate=\"novalidate\" data-status=\"init\">\n<div style=\"display: none;\">\n<input type=\"hidden\" name=\"_wpcf7\" value=\"166\" \/>\n<input type=\"hidden\" name=\"_wpcf7_version\" value=\"5.6.1\" \/>\n<input type=\"hidden\" name=\"_wpcf7_locale\" value=\"de_DE\" \/>\n<input type=\"hidden\" name=\"_wpcf7_unit_tag\" value=\"wpcf7-f166-o1\" \/>\n<input type=\"hidden\" name=\"_wpcf7_container_post\" value=\"0\" \/>\n<input type=\"hidden\" name=\"_wpcf7_posted_data_hash\" value=\"\" \/>\n<\/div>\n<p><label> Dein Name<br \/>\n    <span class=\"wpcf7-form-control-wrap\" data-name=\"your-name\"><input type=\"text\" name=\"your-name\" value=\"\" size=\"40\" class=\"wpcf7-form-control wpcf7-text wpcf7-validates-as-required\" aria-required=\"true\" aria-invalid=\"false\" \/><\/span> <\/label><\/p>\n<p><label> Deine E-Mail-Adresse<br \/>\n    <span class=\"wpcf7-form-control-wrap\" data-name=\"your-email\"><input type=\"email\" name=\"your-email\" value=\"\" size=\"40\" class=\"wpcf7-form-control wpcf7-text wpcf7-email wpcf7-validates-as-required wpcf7-validates-as-email\" aria-required=\"true\" aria-invalid=\"false\" \/><\/span> <\/label><\/p>\n<p><label> Betreff<br \/>\n    <span class=\"wpcf7-form-control-wrap\" data-name=\"your-subject\"><input type=\"text\" name=\"your-subject\" value=\"\" size=\"40\" class=\"wpcf7-form-control wpcf7-text wpcf7-validates-as-required\" aria-required=\"true\" aria-invalid=\"false\" \/><\/span> <\/label><\/p>\n<p><label> Deine Nachricht (optional)<br \/>\n    <span class=\"wpcf7-form-control-wrap\" data-name=\"your-message\"><textarea name=\"your-message\" cols=\"40\" rows=\"10\" class=\"wpcf7-form-control wpcf7-textarea\" aria-invalid=\"false\"><\/textarea><\/span> <\/label><\/p>\n<p><input type=\"submit\" value=\"Senden\" class=\"wpcf7-form-control has-spinner wpcf7-submit\" \/><\/p>\n<p style=\"display: none !important;\"><label>&#916;<textarea name=\"_wpcf7_ak_hp_textarea\" cols=\"45\" rows=\"8\" maxlength=\"100\"><\/textarea><\/label><input type=\"hidden\" id=\"ak_js_1\" name=\"_wpcf7_ak_js\" value=\"129\"\/><script>document.getElementById( \"ak_js_1\" ).setAttribute( \"value\", ( new Date() ).getTime() );<\/script><\/p><div class=\"wpcf7-response-output\" aria-hidden=\"true\"><\/div><\/form><\/div>\n","protected":false},"excerpt":{"rendered":"<p>KRIZTO Nie vergessen wo her man kommt\u2026 immer dankbar sein f\u00fcr alles was man hat. TOUR 2022 Producer BEATLUMINATI Viel Spa\u00df! KRIZTO Tr\u00e4ume nicht feat. Dolo D\u00e9sir K O N T A K T<\/p>\n","protected":false},"author":1,"featured_media":100,"parent":0,"menu_order":0,"comment_status":"closed","ping_status":"open","template":"","meta":{"footnotes":""},"class_list":["post-2","page","type-page","status-publish","has-post-thumbnail","hentry"],"_links":{"self":[{"href":"http:\/\/s903141189.online.de\/krizto\/wp-json\/wp\/v2\/pages\/2","targetHints":{"allow":["GET"]}}],"collection":[{"href":"http:\/\/s903141189.online.de\/krizto\/wp-json\/wp\/v2\/pages"}],"about":[{"href":"http:\/\/s903141189.online.de\/krizto\/wp-json\/wp\/v2\/types\/page"}],"author":[{"embeddable":true,"href":"http:\/\/s903141189.online.de\/krizto\/wp-json\/wp\/v2\/users\/1"}],"replies":[{"embeddable":true,"href":"http:\/\/s903141189.online.de\/krizto\/wp-json\/wp\/v2\/comments?post=2"}],"version-history":[{"count":20,"href":"http:\/\/s903141189.online.de\/krizto\/wp-json\/wp\/v2\/pages\/2\/revisions"}],"predecessor-version":[{"id":173,"href":"http:\/\/s903141189.online.de\/krizto\/wp-json\/wp\/v2\/pages\/2\/revisions\/173"}],"wp:featuredmedia":[{"embeddable":true,"href":"http:\/\/s903141189.online.de\/krizto\/wp-json\/wp\/v2\/media\/100"}],"wp:attachment":[{"href":"http:\/\/s903141189.online.de\/krizto\/wp-json\/wp\/v2\/media?parent=2"}],"curies":[{"name":"wp","href":"https:\/\/api.w.org\/{rel}","templated":true}]}}